ime factors of f.
2, 7
Suppose 2*c = -4*a - 6, 0 = -3*a - 2*a + 3*c - 2. Let b be -1 + 0 - (a + 1). List the prime factors of (-15)/(-2 - -5)*b.
5
Let n = 232 + -163. What are the prime factors of n?
3, 23
Suppose -3*o = 0, 4*p + 2*o = 3*o. Suppose -f + 3*f - 10 = p. List the prime factors of f.
5
Suppose -2*h = -4*v + 20, 2*v + 3*h + 10 = -h. Let q = v - -3. Suppose 0 = 3*j - 4*j + q. List the prime factors of j.
2, 3
Suppose 4*v + 4 = -2*w - 12, 0 = -w + v + 4. Let i be w/(2*(-1)/2). Suppose i = j - 0*j - 5. What are the prime factors of j?
5
Let d = 64 + -59. Let z be ((-2)/(-3))/((-4)/(-30)). Suppose -d*m + z*l + 5 = 0, 5*m + 4*l + l - 45 = 0. List the prime factors of m.
5
Let w = 0 + 3. Suppose -l + 9 + 12 = 2*s, -4*l - 26 = -w*s. List the prime factors of s.
2, 5
Let m(z) = -z + 14. What are the prime factors of m(6)?
2
Suppose 0*v + 3 = -3*v + 3*g, 0 = v - 4*g + 16. Suppose -20 = -r + v. List the prime factors of r.
2, 3
Suppose -391 = 5*i - 1391. List the prime factors of i.
2, 5
Let u be (-1 - -4)/3 + 0. Let l = u + 21. List the prime factors of l.
2, 11
List the prime factors of (-3 - (4 + 10))*-1.
17
Suppose 0 = 2*k - 3*k, -2*k = 2*q + 2. List the prime factors of 50/3 - q/3.
17
Suppose -9 = -5*d + 46. What are the prime factors of 0/2 + -3 + d?
2
Let i(x) = -x**3 + 2*x + 13. List the prime factors of i(0).
13
Let g(u) = u**2 - 9*u + 2. Let r be g(9). Let l = r + 4. List the prime factors of l.
2, 3
Let s = -11 - -25. Let x(o) = -3*o**2 - 11 + 5*o**2 + 4*o + 0*o**2 + s. List the prime factors of x(-3).
3
Let r(p) = -3*p**3 + 8 + p**3 - 5*p**2 + 7*p + p**3. What are the prime factors of r(-6)?
2
Let j = -15 + 25. Suppose 40 = -5*u - y, 3*u - 4*y + 24 = -y. Let x = j - u. What are the prime factors of x?
2, 3
Let y(z) = 5*z**2 + 2*z + 3. What are the prime factors of y(-2)?
19
Suppose -d = 2*d - 5*x - 117, d + 5*x - 39 = 0. List the prime factors of d.
3, 13
Let c(u) = 3*u**3 - 2*u**2 + u. Let g be c(1). Suppose 0*o = g*o - 4. List the prime factors of (2 + -4)*(-1 - o).
2, 3
Suppose 0*j + 20 = 4*j. Let t(p) = p**3 - 9*p**2 - 2. Let x be t(9). Let s = x + j. What are the prime factors of s?
3
Let s(c) = c + 1. Let k(x) = -x**3 + x - 1. Let m be k(-2). Let r be s(m). Suppose 3*v = -3*t - r, 2*v = -t + 2 - 8. List the prime factors of t.
2
Let a(o) = 4*o - 2. List the prime factors of a(4).
2, 7
Suppose -3*s + 3*r + 21 = 0, -r = s - 3*s + 18. What are the prime factors of s?
11
Let t(g) = g**3 + 15*g**2 + 18*g - 8. What are the prime factors of t(-8)?
2, 37
Let m(q) be the third derivative of 1/2*q**3 - 5/24*q**4 + 0 + 7/60*q**5 - 1/120*q**6 + 2*q**2 + 0*q. What are the prime factors of m(6)?
3
Let t(i) = 5*i**2 + i + 2. Suppose -p - 1 = -3. Let u be t(p). Suppose -u = -4*r + r. List the prime factors of r.
2
Let o = 7 - 4. Suppose 124 - 46 = o*h. What are the prime factors of h?
2, 13
Let j(h) = -h**3 - 9*h**2 + 10*h - 8. Let w be j(-10). Let f(r) = -r**3 - 8*r**2 - 5*r - 7. What are the prime factors of f(w)?
3, 11
List the prime factors of 2*((-1425)/10)/(-5).
3, 19
Let o = -1 + 4. Suppose 3*d - 2*d = 2*g - 15, -4*d = -4*g + 28. Suppose -2*l - 3*w = -10, -2*l + g = -w + o*w. List the prime factors of l.
2
Let u(n) = n**3 + 2*n**2. Let r be u(-2). Suppose r*d = -d + 3. Suppose 0*t + d*t = 5*w + 5, w + 4*t = 22. What are the prime factors of w?
2
Suppose -4*u - 89 = f, -2*f - 3*f + 2*u = 335. Let r be 2/(-3) - f/9. Suppose -c = -x + 2*c + r, -x + 13 = 3*c. What are the prime factors of x?
2, 5
Suppose 4*g + 4 = m, 0 = -4*g + 6*g. Suppose 5*r = 5*s + 100, -3*r - 2*r + 105 = -m*s. Let o = r - 17. List the prime factors of o.
2
Suppose -8*f + 3*f + 80 = 2*q, 52 = 4*f + 4*q. Let r = f - 15. List the prime factors of r.
3
Let h = -117 - -169. What are the prime factors of h?
2, 13
Let o(q) = -q + 1. Let j be o(-10). Suppose 43 = -5*p + 2*i, i = -2*p + 3*i - 22. Let t = j + p. What are the prime factors of t?
2
Suppose -l = 7*l - 48. List the prime factors of l.
2, 3
Suppose 3*d = -5 + 35. Suppose 8 = -5*b + 4*v, -5*v = 5*b - 2*b - d. Suppose -i + 2*i - 6 = b. What are the prime factors of i?
2, 3
Let f(m) = -m**2 - 3*m - 3. Let i be f(-2). Let j = 1 + i. Let d(a) = a**3 + 9. What are the prime factors of d(j)?
3
Suppose 0 = -2*g + 7*g - 15. Let j(n) = 6*n + 20. Let y(i) = 4*i + 13. Let w(v) = -5*j(v) + 8*y(v). What are the prime factors of w(g)?
2, 5
Let r(g) = g**2 + 3*g - 1. Let q be (-6)/21 - 86/(-7). Let d = 7 - q. List the prime factors of r(d).
3
Suppose 4*j = -20, 55 + 75 = 5*k - 2*j. Suppose 3*y - k = -2*o + y, -2*y - 9 = -o. List the prime factors of o.
11
Let j = 14 + 40. Suppose 2*p = 2, -2*g + j = -4*p + 18. What are the prime factors of g?
2, 5
List the prime factors of 30*((-14)/(-6) + -2).
2, 5
Let t = 1 + 31. Suppose 2*w + 2*w - t = 0. Suppose -y = -4*y - z + 13, -z - w = -4*y. What are the prime factors of y?
3
What are the prime factors of (324/8)/(-9)*(-6)/1?
3
Let z = -9 + 38. What are the prime factors of z?
29
Suppose -6*d + o + 13 = -d, -3*d - 3*o = -15. Suppose 0 = d*p - 5*x - 52, -25 = -2*p + 4*x + 11. What are the prime factors of p?
2, 7
Suppose 0 = -0*l - 3*l. Suppose l*b - b = -3. What are the prime factors of b?
3
Let p = 10 + -5. Suppose -p*o - 20 = 0, 5*r = -2*o + 7 + 5. What are the prime factors of r?
2
Suppose i = 2*i. Let f = -5 + 9. Suppose 2*z - f*r - 5 - 3 = i, r = 2*z - 5. List the prime factors of z.
2
Suppose 3*p + 5 - 11 = 0. Suppose p*l - 24 = -l. List the prime factors of l.
2
Let o = -86 + 169. What are the prime factors of o?
83
Suppose -4*h + 137 = 4*b - 275, 4*h = -b + 97. What are the prime factors of b?
3, 5, 7
Let t(o) = 7*o**2 + 7*o - 11. List the prime factors of t(-6).
199
Let y(d) = -d + 3. Let n(j) = -j - 4. Let r be n(4). What are the prime factors of y(r)?
11
Let s(r) = -r**2 + 7*r - 2. Let o be s(6). Suppose -16 = -w + f, -o*f = 1 + 7. What are the prime factors of w?
2, 7
Let u(l) = l**3 - 2*l**2 + 7*l - 8. What are the prime factors of u(6)?
2, 89
What are the prime factors of -19*(-2 - (-5 - -4))?
19
Suppose z - 2*n + 194 = 0, 0 = -3*n - 2 - 1. What are the prime factors of z/(-35) - 4/(-10)?
2, 3
Let f(t) = -2*t**3 - 2*t**2 - 2. Let l be f(-2). Suppose -6 = -p + l. List the prime factors of p.
2, 3
Let a(g) = g**3 + 8*g**2 + 7*g. What are the prime factors of a(-5)?
2, 5
Let q = -45 - -183. What are the prime factors of q?
2, 3, 23
Suppose 0 = -11*v + 8*v + 558. What are the prime factors of v?
2, 3, 31
Let p(g) = g**2 + 7*g + 8. Let t be p(-7). Suppose -i = 2*q - 19, t*q - 57 = -3*i + 3*q. What are the prime factors of i?
19
Let a = 5 + 5. Suppose 3*x + 3*o = 6*o + 6, -5*x - 3*o = -26. Suppose x*n + a = 46. List the prime factors of n.
3
Let a = 65 + -35. What are the prime factors of a?
2, 3, 5
Let m be ((-2)/(-10))/((-3)/(-15)). Let p = 0 - m. What are the prime factors of -2*(p + 1*-3)?
2
Suppose 5*i + 3 = b + 28, -2*b = 4*i - 6. Let d = 8 + b. What are the prime factors of d?
3
Suppose -3*c + 94 = 5*y - 148, -3*y = 5*c - 158. Let v = -33 + y. What are the prime factors of v?
13
Suppose 95 = 5*b - 0*g - 5*g, -5*b = -g - 95. List the prime factors of b.
19
Suppose 10 = -4*h + 3*h. Let t = 27 + h. List the prime factors of t.
17
Suppose -v = -6*v + 10. Suppose 2 = -v*n - 2*k, 6*n - 3*n + 17 = 4*k. Let g = 8 + n. What are the prime factors of g?
5
Suppose 2*n = -4*a + 92, a + a + 3*n = 54. Suppose -a = -2*g - g. What are the prime factors of g?
7
Suppose -1 + 3 = -v. Let b = 7 + v. Suppose -55 = -5*w + b*k, -3*k + 1 = 13. What are the prime factors of w?
7
Suppose -3*k = 3*a - 270, 2*k = -a - 2*a + 178. List the prime factors of k.
2, 23
Suppose -59 = -5*s + 201. Suppose s = 2*j + 2*j. What are the prime factors of j?
13
Let x(t) = -t**3 - 6*t**2 - 2*t + 2. Let h be x(-6). Let a = 0 + h. List the prime factors of a.
2, 7
Let m(p) = 18*p**2 - 6*p - 1. What are the prime factors of m(3)?
11, 13
Let g = 206 - 121. List the prime factors of g.
5, 17
Suppose -1 = 5*l - 16. Suppose -5*n + l*n + 28 = 0. Suppose -3*q + 10 = -4*y - 0, -4*q + 5*y + n = 0. What are the prime factors of q?
2, 3
Suppose 3*l = -2 + 14. Let i = 8 - l. List the prime factors of i.
2
Let m = -32 + 114. What are the prime factors of m?
2, 41
Let v be (-34)/(-10) - (-4)/(-10). Let m = v + -3. Suppose -3*a 